{"id":20794,"date":"2023-08-25T10:24:01","date_gmt":"2023-08-25T17:24:01","guid":{"rendered":"https:\/\/egap.org\/?post_type=project&#038;p=20794"},"modified":"2023-08-30T00:13:46","modified_gmt":"2023-08-30T07:13:46","slug":"de-la-violence-verbale-a-la-violence-physique-dans-le-champ-politique-ivoirien","status":"publish","type":"project","link":"https:\/\/egap.org\/fr\/project\/de-la-violence-verbale-a-la-violence-physique-dans-le-champ-politique-ivoirien\/","title":{"rendered":"De la violence verbale \u00e0 la violence physique dans le champ politique ivoirien"},"content":{"rendered":"<section class=\"c-section o-wrapper-padding\">\n  \n<section class=\"c-section__column\">\n  \n<nav class=\"c-breadcrumbs u-fsz-smallest u-c-gray-dark\">\n  <\/nav>\n\n\n\n<\/section>\n\n\n<section class=\"c-section__columns is-resource-row is-header-row\">\n  \n\n<div class=\"wp-block-column is-vertically-aligned-bottom is-layout-flow wp-block-column-is-layout-flow\"><h1 class=\"c-page-title is-style-smaller o-h2\">\n  <strong>De la violence verbale \u00e0 la violence physique dans le champ politique ivoirien<\/strong>\n<\/h1>\n\n\n\n<p class=\"o-generic-links\">Pays:&nbsp;C\u00f4te d&#8217;Ivoire<\/p>\n\n\n\n<p class=\"o-generic-links\">Chercheurs principaux :&nbsp;Adou Amadou Ouattara, Sidibe Ousmane<\/p>\n\n\n\n<div style=\"height:23px\" aria-hidden=\"true\" class=\"wp-block-spacer\"><\/div>\n<\/div>\n\n\n\n<div class=\"wp-block-column is-vertically-aligned-bottom is-layout-flow wp-block-column-is-layout-flow\"><\/div>\n\n\n<\/section>\n\n\n<section class=\"c-section__columns\">\n  \n\n<div class=\"wp-block-column is-layout-flow wp-block-column-is-layout-flow\"><\/div>\n\n\n\n<div class=\"wp-block-column is-layout-flow wp-block-column-is-layout-flow\">\n<h5 class=\"wp-block-heading\"><strong>R\u00e9sum\u00e9<\/strong><\/h5>\n\n\n\n<p class=\"o-generic-links\">Le projet \u00ab&nbsp;De la violence verbale \u00e0 la violence physique dans le champ politique ivoirien&nbsp;\u00bb vise \u00e0 \u00e9tudier la perception que les populations enqu\u00eat\u00e9es ont de la violence en politique et les strat\u00e9gies qu\u2019ils proposent pour la pr\u00e9venir. Il s\u2019agit plus sp\u00e9cifiquement de voir s\u2019ils sont conscients que la violence verbale qui suscite et\/ou nourrit la violence physique est la mat\u00e9rialisation de l\u2019animosit\u00e9 partisane et de la d\u00e9shumanisation politique pr\u00e9judiciables \u00e0 la nation ivoirienne. Pour ce faire, l\u2019\u00e9tude interroge 561 personnes de diff\u00e9rentes cat\u00e9gories socio-professionnelles vivant \u00e0 Abidjan, en C\u00f4te d\u2019Ivoire. Les donn\u00e9es recueillies ont \u00e9t\u00e9 analys\u00e9es \u00e0 l\u2019aune du logiciel Modalisa et la th\u00e9orie de la politesse linguistique.&nbsp;<\/p>\n<\/div>\n\n\n<\/section>\n\n\n<\/section>\n","protected":false},"featured_media":0,"comment_status":"closed","ping_status":"closed","template":"","country":[235],"class_list":["post-20794","project","type-project","status-publish","hentry","country-cote-divoire-4"],"acf":[],"_links":{"self":[{"href":"https:\/\/egap.org\/fr\/wp-json\/wp\/v2\/project\/20794","targetHints":{"allow":["GET"]}}],"collection":[{"href":"https:\/\/egap.org\/fr\/wp-json\/wp\/v2\/project"}],"about":[{"href":"https:\/\/egap.org\/fr\/wp-json\/wp\/v2\/types\/project"}],"replies":[{"embeddable":true,"href":"https:\/\/egap.org\/fr\/wp-json\/wp\/v2\/comments?post=20794"}],"version-history":[{"count":4,"href":"https:\/\/egap.org\/fr\/wp-json\/wp\/v2\/project\/20794\/revisions"}],"predecessor-version":[{"id":20846,"href":"https:\/\/egap.org\/fr\/wp-json\/wp\/v2\/project\/20794\/revisions\/20846"}],"wp:attachment":[{"href":"https:\/\/egap.org\/fr\/wp-json\/wp\/v2\/media?parent=20794"}],"wp:term":[{"taxonomy":"country","embeddable":true,"href":"https:\/\/egap.org\/fr\/wp-json\/wp\/v2\/country?post=20794"}],"curies":[{"name":"wp","href":"https:\/\/api.w.org\/{rel}","templated":true}]}}

De la violence verbale à la violence physique dans le champ politique ivoirien

<section class="c-section o-wrapper-padding">
  
<section class="c-section__column">
  
<nav class="c-breadcrumbs u-fsz-smallest u-c-gray-dark">
  </nav>



</section>


<section class="c-section__columns is-resource-row is-header-row">
  

<div class="wp-block-column is-vertically-aligned-bottom is-layout-flow wp-block-column-is-layout-flow"><h1 class="c-page-title is-style-smaller o-h2">
  <strong>De la violence verbale à la violence physique dans le champ politique ivoirien</strong>
</h1>



<p class="o-generic-links">Pays:&nbsp;Côte d&#8217;Ivoire</p>



<p class="o-generic-links">Chercheurs principaux :&nbsp;Adou Amadou Ouattara, Sidibe Ousmane</p>



<div style="height:23px" aria-hidden="true" class="wp-block-spacer"></div>
</div>



<div class="wp-block-column is-vertically-aligned-bottom is-layout-flow wp-block-column-is-layout-flow"></div>


</section>


<section class="c-section__columns">
  

<div class="wp-block-column is-layout-flow wp-block-column-is-layout-flow"></div>



<div class="wp-block-column is-layout-flow wp-block-column-is-layout-flow">
<h5 class="wp-block-heading"><strong>Résumé</strong></h5>



<p class="o-generic-links">Le projet «&nbsp;De la violence verbale à la violence physique dans le champ politique ivoirien&nbsp;» vise à étudier la perception que les populations enquêtées ont de la violence en politique et les stratégies qu’ils proposent pour la prévenir. Il s’agit plus spécifiquement de voir s’ils sont conscients que la violence verbale qui suscite et/ou nourrit la violence physique est la matérialisation de l’animosité partisane et de la déshumanisation politique préjudiciables à la nation ivoirienne. Pour ce faire, l’étude interroge 561 personnes de différentes catégories socio-professionnelles vivant à Abidjan, en Côte d’Ivoire. Les données recueillies ont été analysées à l’aune du logiciel Modalisa et la théorie de la politesse linguistique.&nbsp;</p>
</div>


</section>


</section>
