{"id":14621,"date":"2022-01-21T09:30:48","date_gmt":"2022-01-21T17:30:48","guid":{"rendered":"https:\/\/egap.org\/west-africa-regional-hub\/"},"modified":"2023-08-29T10:04:48","modified_gmt":"2023-08-29T17:04:48","slug":"west-africa-regional-hub-french","status":"publish","type":"page","link":"https:\/\/egap.org\/fr\/west-africa-regional-hub-french\/","title":{"rendered":"West Africa Regional Hub"},"content":{"rendered":"<section class=\"c-section o-wrapper-padding\">\n  \n<section class=\"c-section__column\">\n  \n<nav class=\"c-breadcrumbs u-fsz-smallest u-c-gray-dark\">\n  <\/nav>\n\n\n\n\n\n<\/section>\n\n\n<section class=\"c-section__columns\">\n  \n\n<div class=\"wp-block-column is-layout-flow wp-block-column-is-layout-flow\"><h1 class=\"c-page-title is-style-default o-h1\">\n  West Africa Regional Hub\n<\/h1>\n<\/div>\n\n\n\n<div class=\"wp-block-column is-vertically-aligned-bottom is-layout-flow wp-block-column-is-layout-flow\">\n<div style=\"height:20px\" aria-hidden=\"true\" class=\"wp-block-spacer has-hide-on-xlarge has-hide-on-small\"><\/div>\n\n\n<div class=\"c-submenu u-no-scroll-bar  has-hide-on-small\">\n  <div class=\"c-submenu__items\">\n    \n<a class=\"c-submenu__item\" href=\"#overview\" target=\"\" rel=\"\">\n  Aper\u00e7u\n<\/a>\n\n\n<a class=\"c-submenu__item\" href=\"#subventions\" target=\"\" rel=\"\">\n  Fond de<br>subventions\n<\/a>\n\n\n<a class=\"c-submenu__item\" href=\"#evenements\" target=\"\" rel=\"\">\n  Ev\u00e9nements\n<\/a>\n\n\n<a class=\"c-submenu__item\" href=\"#equipe\" target=\"\" rel=\"\">\n  \u00c9quipe\n<\/a>\n\n\n  <\/div>\n<\/div>\n\n\n<\/div>\n\n\n<\/section>\n\n\n<section class=\"c-section__column\">\n  \n\n<div style=\"height:60px\" aria-hidden=\"true\" class=\"wp-block-spacer\"><\/div>\n\n\n\n\n<\/section>\n\n\n<section class=\"c-section__columns\">\n  \n\n<div class=\"wp-block-column is-layout-flow wp-block-column-is-layout-flow\"><div class=\"o-anchor\" aria-hidden=\"true\">\n  <div class=\"o-anchor__link\" id=\"overview\"><\/div>\n<\/div>\n\n<h4 class=\"wp-block-heading\" >Aper\u00e7u<\/h4>\n\n\n\n<div style=\"height:1157px\" aria-hidden=\"true\" class=\"wp-block-spacer\"><\/div>\n\n\n<div class=\"o-anchor\" aria-hidden=\"true\">\n  <div class=\"o-anchor__link\" id=\"subventions\"><\/div>\n<\/div>\n\n<h4 class=\"wp-block-heading\" >Fonds de Subventions<\/h4>\n\n\n\n<div style=\"height:94px\" aria-hidden=\"true\" class=\"wp-block-spacer\"><\/div>\n\n\n<div class=\"o-anchor\" aria-hidden=\"true\">\n  <div class=\"o-anchor__link\" id=\"evenements\"><\/div>\n<\/div>\n\n<h4 class=\"wp-block-heading\" >Ev\u00e9nements<\/h4>\n\n\n<\/div>\n\n\n\n<div class=\"wp-block-column is-layout-flow wp-block-column-is-layout-flow\">\n<p class=\"o-generic-links\">Le p\u00f4le r\u00e9gional Afrique de l\u2019Ouest de l\u2019EGAP a \u00e9t\u00e9 cr\u00e9\u00e9 en d\u00e9but 2022 en partenariat avec <a href=\"https:\/\/cerap-inades.org\/\">le centre de recherhe et d\u2019action pour la paix<\/a> (CERAP), situ\u00e9 \u00e0 l\u2019Universit\u00e9 J\u00e9suite d\u2019Abidjan, en C\u00f4te d\u2019Ivoire. En qualit\u00e9 de plaque tournante r\u00e9gionale, le CERAP servira de passerelle d\u2019impl\u00e9mentation aux chercheurs et aux praticiens africains francophones et anglophones dans les diff\u00e9rentes activit\u00e9s et initiatives de l\u2019EGAP.<\/p>\n\n\n\n<div style=\"height:20px\" aria-hidden=\"true\" class=\"wp-block-spacer\"><\/div>\n\n\n\n<figure class=\"wp-block-image size-large\"><img loading=\"lazy\" decoding=\"async\" width=\"1349\" height=\"585\" src=\"https:\/\/egap.org\/wp-content\/uploads\/2022\/01\/bcaf0ced-db4a-3301-04d2-ef7e6df51e38.jpeg\" alt=\"\" class=\"wp-image-14431\" srcset=\"https:\/\/egap.org\/wp-content\/uploads\/2022\/01\/bcaf0ced-db4a-3301-04d2-ef7e6df51e38.jpeg 1349w, https:\/\/egap.org\/wp-content\/uploads\/2022\/01\/bcaf0ced-db4a-3301-04d2-ef7e6df51e38-480x208.jpeg 480w, https:\/\/egap.org\/wp-content\/uploads\/2022\/01\/bcaf0ced-db4a-3301-04d2-ef7e6df51e38-1024x444.jpeg 1024w, https:\/\/egap.org\/wp-content\/uploads\/2022\/01\/bcaf0ced-db4a-3301-04d2-ef7e6df51e38-768x333.jpeg 768w\" sizes=\"auto, (max-width: 1349px) 100vw, 1349px\" \/><\/figure>\n\n\n\n<div style=\"height:20px\" aria-hidden=\"true\" class=\"wp-block-spacer\"><\/div>\n\n\n\n<p class=\"o-generic-links\">Les activit\u00e9s du CERAP seront ainsi constitu\u00e9es de journ\u00e9es d\u2019apprentissage, de formations m\u00e9thodologiques dans le but d\u2019outiller les participants \u00e0 l\u2019\u00e9laboration d\u2019ateliers de recherche ; d\u2019aide \u00e0 subvention pour un ensemble d\u2019\u00e9tudes s\u00e9lectionn\u00e9es par des chercheurs et des praticiens de la r\u00e9gion ; et des activit\u00e9s de diffusion tant dans la r\u00e9gion Ouest Africaine qu\u2019au-del\u00e0.<br><br><\/p>\n\n\n\n<p class=\"o-generic-links\">Le CERAP, en tant que plaque tournante r\u00e9gionale, se concentrera de mani\u00e8re substantielle sur les th\u00e8mes prioritaires de l\u2019EGAP, \u00e0 savoir la polarisation, les conflits et la d\u00e9mocratie en Afrique francophone. Ainsi, le CERAP aidera \u00e0 cr\u00e9er un r\u00e9seau d\u2019apprentissage r\u00e9gional centr\u00e9 sur la collaboration entre les chercheurs<br>r\u00e9gionaux et les organisations de praticiens travaillant sur des questions li\u00e9es \u00e0 la polarisation, aux conflits et \u00e0 la d\u00e9mocratie.<\/p>\n\n\n\n<p class=\"o-generic-links\"><strong>Regardez Brice Bado pr\u00e9senter le hub r\u00e9gional EGAP pour l&#8217;Afrique de l&#8217;Ouest lors de l&#8217;\u00e9v\u00e9nement politique qui s&#8217;est tenu en juillet 2022 (en fran\u00e7ais<\/strong>):<\/p>\n\n\n\n<figure class=\"wp-block-embed is-type-video is-provider-youtube wp-block-embed-youtube wp-embed-aspect-16-9 wp-has-aspect-ratio\"><div class=\"wp-block-embed__wrapper\">\n<div class=\"c-embed c-embed--video\"><iframe loading=\"lazy\" title=\"EGAP West Africa Regional Hub Policy Event Presentation in French (clip)\" width=\"500\" height=\"281\" src=\"https:\/\/www.youtube.com\/embed\/Enu_VBQL8Dc?feature=oembed\" frameborder=\"0\" allow=\"accelerometer; autoplay; clipboard-write; encrypted-media; gyroscope; picture-in-picture; web-share\" referrerpolicy=\"strict-origin-when-cross-origin\" allowfullscreen><\/iframe><\/div>\n<\/div><\/figure>\n\n\n\n\n\n<hr class=\"wp-block-separator has-css-opacity\"\/>\n\n\n<section class=\"c-resource-tiles\">\n  <div class=\"c-resource-tiles__items c-research-tiles\">\n    \n<a class=\"c-research-tile u-no-last-margin\" href=\"https:\/\/egap.org\/fr\/our-work\/research-grants\/centreregionalafriquedelouestdemandedepropositions\/\" title=\"\" target=\"\" rel=\"\">\n  <hr class=\"c-research-tile__bar\">\n  <div class=\"c-research-tile__type u-fw-700 u-c-heading\">Fond de Subventions<\/div>\n  <h4 class=\"c-research-tile__title o-h5 u-fw-400\">Demande de Propositions<\/h4>\n  <\/a>\n\n\n\n  <\/div>\n<\/section>\n\n\n\n<hr class=\"wp-block-separator has-css-opacity\"\/>\n\n\n<section class=\"c-resource-tiles\">\n  <div class=\"c-resource-tiles__items c-research-tiles\">\n    \n<a class=\"c-research-tile u-no-last-margin\" href=\"\" title=\"\" target=\"\" rel=\"\">\n  <hr class=\"c-research-tile__bar\">\n  <div class=\"c-research-tile__type u-fw-700 u-c-heading\">C\u00f4te d\u2019Ivoire<\/div>\n  <h4 class=\"c-research-tile__title o-h5 u-fw-400\">West Africa Regional Hub Learning Days Workshop &#8211; July 2022<\/h4>\n  <\/a>\n\n\n\n  <\/div>\n<\/section>\n\n\n\n<hr class=\"wp-block-separator has-css-opacity\"\/>\n<\/div>\n\n\n<\/section>\n\n\n<section class=\"c-section__columns\">\n  \n\n<div class=\"wp-block-column is-layout-flow wp-block-column-is-layout-flow\"><\/div>\n\n\n\n<div class=\"wp-block-column is-layout-flow wp-block-column-is-layout-flow\"><\/div>\n\n\n<\/section>\n\n\n<section class=\"c-section__columns\">\n  \n\n<div class=\"wp-block-column is-layout-flow wp-block-column-is-layout-flow\">\n<div style=\"height:20px\" aria-hidden=\"true\" class=\"wp-block-spacer\"><\/div>\n\n\n<div class=\"o-anchor\" aria-hidden=\"true\">\n  <div class=\"o-anchor__link\" id=\"equipe\"><\/div>\n<\/div>\n\n<h4 class=\"wp-block-heading\" >\u00c9quipe<\/h4>\n\n\n<\/div>\n\n\n\n<div class=\"wp-block-column is-layout-flow wp-block-column-is-layout-flow\">\n<p class=\"o-generic-links\"><a href=\"https:\/\/egap.org\/member\/centre-de-recherche-et-daction-pour-la-paix-cerap\/\">Ars\u00e8ne Brice Bado<\/a> du CERAP est le directeur du p\u00f4le r\u00e9gional EGAP Afrique de l\u2019Ouest. Ses recherches portent sur la d\u00e9mocratie, les processus \u00e9lectoraux dans les situations de conflit, le pluralisme ethnique et la migration forc\u00e9e. Dr Bado a obtenu son PhD en sciences politiques de l\u2019Universit\u00e9 Laval au Canada. Boris Meviekpon, charg\u00e9 de cours au CERAP, codirigera les activit\u00e9s de formation du centre r\u00e9gional. <a href=\"https:\/\/egap.org\/member\/amnis-vigan\/\">Amnis Vigan<\/a>, en Master d\u2019Ethique et Gouvernance au CERAP, \u00e9tudiant les questions de gestion de conflits et paix est l\u2019administrateur du programme du centre r\u00e9gional de l\u2019Afrique de l\u2019Ouest.<\/p>\n<\/div>\n\n\n<\/section>\n\n\n<section class=\"c-section__columns\">\n  \n\n<div class=\"wp-block-column is-layout-flow wp-block-column-is-layout-flow\"><\/div>\n\n\n\n<div class=\"wp-block-column is-layout-flow wp-block-column-is-layout-flow\"><\/div>\n\n\n<\/section>\n\n\n<section class=\"c-section__columns\">\n  \n\n<div class=\"wp-block-column is-layout-flow wp-block-column-is-layout-flow\"><\/div>\n\n\n\n<div class=\"wp-block-column is-layout-flow wp-block-column-is-layout-flow\"><\/div>\n\n\n<\/section>\n\n\n<\/section>\n","protected":false},"excerpt":{"rendered":"","protected":false},"author":7,"featured_media":0,"parent":0,"menu_order":0,"comment_status":"closed","ping_status":"closed","template":"","meta":{"_acf_changed":false,"footnotes":""},"class_list":["post-14621","page","type-page","status-publish","hentry"],"acf":[],"_links":{"self":[{"href":"https:\/\/egap.org\/fr\/wp-json\/wp\/v2\/pages\/14621","targetHints":{"allow":["GET"]}}],"collection":[{"href":"https:\/\/egap.org\/fr\/wp-json\/wp\/v2\/pages"}],"about":[{"href":"https:\/\/egap.org\/fr\/wp-json\/wp\/v2\/types\/page"}],"author":[{"embeddable":true,"href":"https:\/\/egap.org\/fr\/wp-json\/wp\/v2\/users\/7"}],"replies":[{"embeddable":true,"href":"https:\/\/egap.org\/fr\/wp-json\/wp\/v2\/comments?post=14621"}],"version-history":[{"count":11,"href":"https:\/\/egap.org\/fr\/wp-json\/wp\/v2\/pages\/14621\/revisions"}],"predecessor-version":[{"id":20838,"href":"https:\/\/egap.org\/fr\/wp-json\/wp\/v2\/pages\/14621\/revisions\/20838"}],"wp:attachment":[{"href":"https:\/\/egap.org\/fr\/wp-json\/wp\/v2\/media?parent=14621"}],"curies":[{"name":"wp","href":"https:\/\/api.w.org\/{rel}","templated":true}]}}

<section class="c-section o-wrapper-padding">
  
<section class="c-section__column">
  
<nav class="c-breadcrumbs u-fsz-smallest u-c-gray-dark">
  </nav>





</section>


<section class="c-section__columns">
  

<div class="wp-block-column is-layout-flow wp-block-column-is-layout-flow"><h1 class="c-page-title is-style-default o-h1">
  West Africa Regional Hub
</h1>
</div>



<div class="wp-block-column is-vertically-aligned-bottom is-layout-flow wp-block-column-is-layout-flow">
<div style="height:20px" aria-hidden="true" class="wp-block-spacer has-hide-on-xlarge has-hide-on-small"></div>


<div class="c-submenu u-no-scroll-bar  has-hide-on-small">
  <div class="c-submenu__items">
    
<a class="c-submenu__item" href="#overview" target="" rel="">
  Aperçu
</a>


<a class="c-submenu__item" href="#subventions" target="" rel="">
  Fond de<br>subventions
</a>


<a class="c-submenu__item" href="#evenements" target="" rel="">
  Evénements
</a>


<a class="c-submenu__item" href="#equipe" target="" rel="">
  Équipe
</a>


  </div>
</div>


</div>


</section>


<section class="c-section__column">
  

<div style="height:60px" aria-hidden="true" class="wp-block-spacer"></div>




</section>


<section class="c-section__columns">
  

<div class="wp-block-column is-layout-flow wp-block-column-is-layout-flow"><div class="o-anchor" aria-hidden="true">
  <div class="o-anchor__link" id="overview"></div>
</div>

<h4 class="wp-block-heading" >Aperçu</h4>



<div style="height:1157px" aria-hidden="true" class="wp-block-spacer"></div>


<div class="o-anchor" aria-hidden="true">
  <div class="o-anchor__link" id="subventions"></div>
</div>

<h4 class="wp-block-heading" >Fonds de Subventions</h4>



<div style="height:94px" aria-hidden="true" class="wp-block-spacer"></div>


<div class="o-anchor" aria-hidden="true">
  <div class="o-anchor__link" id="evenements"></div>
</div>

<h4 class="wp-block-heading" >Evénements</h4>


</div>



<div class="wp-block-column is-layout-flow wp-block-column-is-layout-flow">
<p class="o-generic-links">Le pôle régional Afrique de l’Ouest de l’EGAP a été créé en début 2022 en partenariat avec <a href="https://cerap-inades.org/">le centre de recherhe et d’action pour la paix</a> (CERAP), situé à l’Université Jésuite d’Abidjan, en Côte d’Ivoire. En qualité de plaque tournante régionale, le CERAP servira de passerelle d’implémentation aux chercheurs et aux praticiens africains francophones et anglophones dans les différentes activités et initiatives de l’EGAP.</p>



<div style="height:20px" aria-hidden="true" class="wp-block-spacer"></div>



<figure class="wp-block-image size-large"><img loading="lazy" decoding="async" width="1349" height="585" src="https://egap.org/wp-content/uploads/2022/01/bcaf0ced-db4a-3301-04d2-ef7e6df51e38.jpeg" alt="" class="wp-image-14431" srcset="https://egap.org/wp-content/uploads/2022/01/bcaf0ced-db4a-3301-04d2-ef7e6df51e38.jpeg 1349w, https://egap.org/wp-content/uploads/2022/01/bcaf0ced-db4a-3301-04d2-ef7e6df51e38-480x208.jpeg 480w, https://egap.org/wp-content/uploads/2022/01/bcaf0ced-db4a-3301-04d2-ef7e6df51e38-1024x444.jpeg 1024w, https://egap.org/wp-content/uploads/2022/01/bcaf0ced-db4a-3301-04d2-ef7e6df51e38-768x333.jpeg 768w" sizes="auto, (max-width: 1349px) 100vw, 1349px" /></figure>



<div style="height:20px" aria-hidden="true" class="wp-block-spacer"></div>



<p class="o-generic-links">Les activités du CERAP seront ainsi constituées de journées d’apprentissage, de formations méthodologiques dans le but d’outiller les participants à l’élaboration d’ateliers de recherche ; d’aide à subvention pour un ensemble d’études sélectionnées par des chercheurs et des praticiens de la région ; et des activités de diffusion tant dans la région Ouest Africaine qu’au-delà.<br><br></p>



<p class="o-generic-links">Le CERAP, en tant que plaque tournante régionale, se concentrera de manière substantielle sur les thèmes prioritaires de l’EGAP, à savoir la polarisation, les conflits et la démocratie en Afrique francophone. Ainsi, le CERAP aidera à créer un réseau d’apprentissage régional centré sur la collaboration entre les chercheurs<br>régionaux et les organisations de praticiens travaillant sur des questions liées à la polarisation, aux conflits et à la démocratie.</p>



<p class="o-generic-links"><strong>Regardez Brice Bado présenter le hub régional EGAP pour l&#8217;Afrique de l&#8217;Ouest lors de l&#8217;événement politique qui s&#8217;est tenu en juillet 2022 (en français</strong>):</p>



<figure class="wp-block-embed is-type-video is-provider-youtube wp-block-embed-youtube wp-embed-aspect-16-9 wp-has-aspect-ratio"><div class="wp-block-embed__wrapper">
<div class="c-embed c-embed--video"><iframe loading="lazy" title="EGAP West Africa Regional Hub Policy Event Presentation in French (clip)" width="500" height="281" src="https://www.youtube.com/embed/Enu_VBQL8Dc?feature=oembed" frameborder="0" allow="accelerometer; autoplay; clipboard-write; encrypted-media; gyroscope; picture-in-picture; web-share" referrerpolicy="strict-origin-when-cross-origin" allowfullscreen></iframe></div>
</div></figure>





<hr class="wp-block-separator has-css-opacity"/>


<section class="c-resource-tiles">
  <div class="c-resource-tiles__items c-research-tiles">
    
<a class="c-research-tile u-no-last-margin" href="https://egap.org/fr/our-work/research-grants/centreregionalafriquedelouestdemandedepropositions/" title="" target="" rel="">
  <hr class="c-research-tile__bar">
  <div class="c-research-tile__type u-fw-700 u-c-heading">Fond de Subventions</div>
  <h4 class="c-research-tile__title o-h5 u-fw-400">Demande de Propositions</h4>
  </a>



  </div>
</section>



<hr class="wp-block-separator has-css-opacity"/>


<section class="c-resource-tiles">
  <div class="c-resource-tiles__items c-research-tiles">
    
<a class="c-research-tile u-no-last-margin" href="" title="" target="" rel="">
  <hr class="c-research-tile__bar">
  <div class="c-research-tile__type u-fw-700 u-c-heading">Côte d’Ivoire</div>
  <h4 class="c-research-tile__title o-h5 u-fw-400">West Africa Regional Hub Learning Days Workshop &#8211; July 2022</h4>
  </a>



  </div>
</section>



<hr class="wp-block-separator has-css-opacity"/>
</div>


</section>


<section class="c-section__columns">
  

<div class="wp-block-column is-layout-flow wp-block-column-is-layout-flow"></div>



<div class="wp-block-column is-layout-flow wp-block-column-is-layout-flow"></div>


</section>


<section class="c-section__columns">
  

<div class="wp-block-column is-layout-flow wp-block-column-is-layout-flow">
<div style="height:20px" aria-hidden="true" class="wp-block-spacer"></div>


<div class="o-anchor" aria-hidden="true">
  <div class="o-anchor__link" id="equipe"></div>
</div>

<h4 class="wp-block-heading" >Équipe</h4>


</div>



<div class="wp-block-column is-layout-flow wp-block-column-is-layout-flow">
<p class="o-generic-links"><a href="https://egap.org/member/centre-de-recherche-et-daction-pour-la-paix-cerap/">Arsène Brice Bado</a> du CERAP est le directeur du pôle régional EGAP Afrique de l’Ouest. Ses recherches portent sur la démocratie, les processus électoraux dans les situations de conflit, le pluralisme ethnique et la migration forcée. Dr Bado a obtenu son PhD en sciences politiques de l’Université Laval au Canada. Boris Meviekpon, chargé de cours au CERAP, codirigera les activités de formation du centre régional. <a href="https://egap.org/member/amnis-vigan/">Amnis Vigan</a>, en Master d’Ethique et Gouvernance au CERAP, étudiant les questions de gestion de conflits et paix est l’administrateur du programme du centre régional de l’Afrique de l’Ouest.</p>
</div>


</section>


<section class="c-section__columns">
  

<div class="wp-block-column is-layout-flow wp-block-column-is-layout-flow"></div>



<div class="wp-block-column is-layout-flow wp-block-column-is-layout-flow"></div>


</section>


<section class="c-section__columns">
  

<div class="wp-block-column is-layout-flow wp-block-column-is-layout-flow"></div>



<div class="wp-block-column is-layout-flow wp-block-column-is-layout-flow"></div>


</section>


</section>
