{"id":20288,"date":"2023-04-14T13:51:05","date_gmt":"2023-04-14T20:51:05","guid":{"rendered":"https:\/\/egap.org\/?post_type=project&#038;p=20288"},"modified":"2023-04-21T07:42:21","modified_gmt":"2023-04-21T14:42:21","slug":"learning-days-13-latin-america-regional-hub-workshop","status":"publish","type":"project","link":"https:\/\/egap.org\/es\/project\/learning-days-13-latin-america-regional-hub-workshop\/","title":{"rendered":"Learning Days 13: Taller del Hub Regional en Latinoam\u00e9rica"},"content":{"rendered":"<section class=\"c-section o-wrapper-padding\">\n  \n<section class=\"c-section__column\">\n  \n<nav class=\"c-breadcrumbs u-fsz-smallest u-c-gray-dark\">\n  <\/nav>\n\n\n\n<\/section>\n\n\n<section class=\"c-section__columns is-resource-row is-header-row\">\n  \n\n<div class=\"wp-block-column is-vertically-aligned-bottom is-layout-flow wp-block-column-is-layout-flow\"><h1 class=\"c-page-title is-style-smaller o-h2\">\n  Learning Days 13: Taller del Hub Regional en Latinoam\u00e9rica\n<\/h1>\n\n\n\n<p class=\"o-generic-links\"><a href=\"https:\/\/egap.org\/project\/learning-days-13-latin-america-regional-hub-workshop\/\">In English<\/a><\/p>\n<\/div>\n\n\n\n<div class=\"wp-block-column is-vertically-aligned-bottom is-layout-flow wp-block-column-is-layout-flow\"><\/div>\n\n\n<\/section>\n\n\n<section class=\"c-section__columns\">\n  \n\n<div class=\"wp-block-column is-layout-flow wp-block-column-is-layout-flow\"><div class=\"c-buttons\">\n  \n<a class=\"c-buttons__item o-btn is-style-outline\" href=\"https:\/\/egap.org\/learning-days\/\" target=\"\" rel=\"\">\n  See All Learning Days Workshops\n<\/a>\n\n\n<\/div>\n<\/div>\n\n\n\n<div class=\"wp-block-column is-layout-flow wp-block-column-is-layout-flow\">\n<p class=\"has-text-align-center o-generic-links\">Organizado por <a href=\"https:\/\/economia.uniandes.edu.co\/cede\/egap\">Universidad de los Andes, Colombia, sede del Hub Regional para Latinoam\u00e9rica<\/a> de la red mundial <a href=\"https:\/\/egap.org\/\">Evidencia en Gobernanza y Pol\u00edtica (EGAP)<\/a>, junto con el <a href=\"https:\/\/www.itam.mx\/\">Instituto Tecnol\u00f3gico Aut\u00f3nomo de M\u00e9xico (ITAM)<\/a> como anfitri\u00f3n.<\/p>\n\n\n\n<p class=\"has-text-align-center o-generic-links\">Ago. 07 \u2013 Ago. 11, 2023<\/p>\n\n\n\n<p class=\"has-text-align-center o-generic-links\">Ciudad de M\u00e9xico<\/p>\n\n\n\n<figure class=\"wp-block-image size-full\"><img loading=\"lazy\" decoding=\"async\" width=\"987\" height=\"558\" src=\"https:\/\/egap.org\/wp-content\/uploads\/2023\/04\/ld2022.jpeg\" alt=\"\" class=\"wp-image-20270\" srcset=\"https:\/\/egap.org\/wp-content\/uploads\/2023\/04\/ld2022.jpeg 987w, https:\/\/egap.org\/wp-content\/uploads\/2023\/04\/ld2022-480x271.jpeg 480w, https:\/\/egap.org\/wp-content\/uploads\/2023\/04\/ld2022-768x434.jpeg 768w\" sizes=\"auto, (max-width: 987px) 100vw, 987px\" \/><figcaption class=\"wp-element-caption\">Latin America Hub Learning Days 2022, Univeridad de Rosario, Bogota, Colombia<\/figcaption><\/figure>\n\n\n\n<p class=\"o-generic-links\">El Hub Regional de EGAP en Latinoam\u00e9rica realizar\u00e1 un taller de D\u00edas de Aprendizaje, en alianza con Instituto Tecnol\u00f3gico Aut\u00f3nomo de M\u00e9xico (ITAM) como anfitri\u00f3n, en Ciudad de M\u00e9xico, del <strong>07 al 11 de agosto de 2023<\/strong>).<\/p>\n\n\n\n<p class=\"o-generic-links\">Este taller intensivo de 5 d\u00edas tiene como objetivo desarrollar la familiaridad de los participantes con la inferencia causal en evaluaciones de impacto desde un enfoque cuantitativo. Est\u00e1 dirigido a acad\u00e9micos, investigadores y ejecutores que trabajan en organizaciones acad\u00e9micas, gubernamentales y no gubernamentales que analizan temas relacionados con gobernanza, pol\u00edtica p\u00fablica y desarrollo en Am\u00e9rica Latina.&nbsp;<\/p>\n\n\n\n<p class=\"o-generic-links\">El taller ser\u00e1 el espa\u00f1ol con algunas sesiones en ingl\u00e9s. En este <a href=\"https:\/\/docs.google.com\/document\/d\/1FoVX2asOhOAY4oCvsq0O9b9013vag9sm\/edit\">enlace<\/a> se encuentra un ejemplo de agenda del Taller. M\u00e1s informaci\u00f3n sobre los Talleres D\u00edas de Aprendizaje previos <a href=\"https:\/\/egap.org\/learning-days\/\">aqu\u00ed<\/a>.&nbsp;<\/p>\n\n\n\n<p class=\"o-generic-links\">EGAP cubrir\u00e1 los costos (una persona por proyecto\/propuesta) de tiquetes a\u00e9reos, alojamiento con desayuno hasta 6 noches para los participantes de fuera de Ciudad de M\u00e9xico, almuerzos\/refrigerios durante el taller y una cena conjunta. En caso de ser seleccionado, los participantes deben llegar antes de la ma\u00f1ana del <strong>lunes Ago. 07 de 2023, asistir a todas las sesiones hasta la noche del viernes Ago. 11 de 2023<\/strong>.<\/p>\n\n\n\n<p class=\"o-generic-links\">Para ser elegible, los interesados deben que cumplir los siguientes requisitos:<\/p>\n\n\n\n<ul class=\"wp-block-list o-generic-links\">\n<li>Estar afiliado actualmente en una universidad, entidad gubernamental u organizaci\u00f3n de la sociedad civil en Am\u00e9rica Latina.<\/li>\n\n\n\n<li>Tener una idea de investigaci\u00f3n de evaluaci\u00f3n o estar en las primeras etapas de un proyecto que examine el impacto causal de un problema social en Am\u00e9rica Latina.<\/li>\n\n\n\n<li>Tener formaci\u00f3n previa en ciencias sociales (como ciencias pol\u00edticas, econom\u00eda, administraci\u00f3n p\u00fablica, y dem\u00e1s disciplinas afines). Se anima fuertemente a aplicar a los investigadores que utilizan principalmente m\u00e9todos cualitativos, y que tengan tambi\u00e9n cierta experiencia en investigaci\u00f3n cuantitativa.<\/li>\n\n\n\n<li>Tener conocimientos b\u00e1sicos de estad\u00edstica (descriptiva). Contar con familiaridad previa con software estad\u00edstico es un plus, idealmente R, pero no un requisito.<\/li>\n\n\n\n<li>Tener disponibilidad para participar completamente en todas las actividades del taller, durante toda la semana (todo el d\u00eda).<\/li>\n\n\n\n<li>Estar completamente vacunado contra COVID-19, seg\u00fan la Pol\u00edtica de Vacunaci\u00f3n para Eventos Presenciales de EGAP (<a href=\"https:\/\/egap.org\/covid-19-vaccination-policy\/\">https:\/\/egap.org\/covid-19-vaccination-policy\/<\/a>) y las pol\u00edticas nacionales, locales y del anfitri\u00f3n activas en el momento del taller.<\/li>\n<\/ul>\n\n\n\n<p class=\"o-generic-links\">El taller cubrir\u00e1 conceptos y herramientas para evaluaciones de impacto a trav\u00e9s de intervenciones aleatorizadas, ejercicios estad\u00edsticos en R, asesor\u00edas individuales para que los participantes fortalezcan sus propios dise\u00f1os de investigaci\u00f3n. Los temas clave son: inferencia causal, aleatorizaci\u00f3n, estimaci\u00f3n y pruebas de hip\u00f3tesis, entre otros.&nbsp;<\/p>\n\n\n\n<p class=\"o-generic-links\">Se espera que las personas aceptadas desarrollen un ejercicio preparatorio antes de llegar al taller. Esta formaci\u00f3n se basa en el conocimiento acumulado de talleres anteriores, tal como se recopila en el libro en l\u00ednea: <a href=\"https:\/\/egap.github.io\/theory_and_practice_of_field_experiments_spanish\/\">La teor\u00eda y la pr\u00e1ctica de los experimentos de campo: Una introducci\u00f3n de los Learning Days de EGAP<\/a>.&nbsp;<\/p>\n\n\n\n<p class=\"o-generic-links\">El taller es organizado por el director de formaci\u00f3n del Hub <a href=\"https:\/\/sites.google.com\/view\/andresmoya\">Andr\u00e9s Moya<\/a> y los representantes anfitriones <a href=\"https:\/\/sites.google.com\/site\/hlarreguy\/\">Horacio Larreguy<\/a>, <a href=\"https:\/\/mauricio-romero.com\/\">Mauricio Romero<\/a>, y <a href=\"https:\/\/www.antonellabandiera.com\/\">Antonella Bandiera<\/a>, y asesorado por los directores de M\u00e9todos y Formaci\u00f3n <a href=\"http:\/\/polisci.emory.edu\/home\/people\/biography\/ichino-nahomi.html\">Nahomi Ichino<\/a> y <a href=\"https:\/\/graemeblair.com\/\">Graeme Blair<\/a>. El equipo de instructores incluye destacados expertos en investigaci\u00f3n emp\u00edrica como: <a href=\"https:\/\/sites.google.com\/site\/rosarioaguilarp\/\">Rosario Aguilar<\/a>, <a href=\"https:\/\/www.jakebowers.org\/\">Jake Bowers<\/a>, <a href=\"https:\/\/scholar.google.com\/citations?user=9s1slLcAAAAJ&amp;hl=en\">Danilo Freire<\/a>, <a href=\"https:\/\/sociologia.uc.cl\/profesor\/luis-maldonado-navarro\/\">Luis Maldonado<\/a>, y <a href=\"https:\/\/sites.google.com\/site\/maartenvoors\/\" target=\"_blank\" rel=\"noreferrer noopener\">Maarten Voors<\/a>.<\/p>\n\n\n\n<p class=\"o-generic-links\">Cierre de la convocatoria: <strong>lunes 15 de mayo de 2023<\/strong>.<\/p>\n\n\n\n<p class=\"o-generic-links\">Para cualquier consulta, por favor comunicarse con: <a href=\"mailto:egap_latam@uniandes.edu.co\">egap_latam@uniandes.edu.co<\/a>.<\/p>\n\n\n\n<h5 class=\"wp-block-heading\">\u00bfC\u00f3mo aplicar?<\/h5>\n\n\n\n<p class=\"o-generic-links\">Las aplicaciones est\u00e1n actualmente abiertas. Para aplicar, por favor <a href=\"https:\/\/forms.gle\/YinzA1xJw9qLZupK9\">visite esta p\u00e1gina<\/a> y diligencie el formulario de aplicaci\u00f3n, recuerde incluir su CV. Tenga en cuenta que las solicitudes s\u00f3lo se considerar\u00e1n elegibles si adjunta su CV. Cierre de la convocatoria: <strong>lunes 15 de mayo de 2023<\/strong>. Para cualquier pregunta, comun\u00edquese con: egap_latam@uniandes.edu.co.<\/p>\n\n\n<div class=\"c-buttons\">\n  \n<a class=\"c-buttons__item o-btn\" href=\"https:\/\/forms.gle\/YinzA1xJw9qLZupK9\" target=\"_blank\" rel=\"noreferrer noopener\">\n  <a href=\"https:\/\/forms.gle\/YinzA1xJw9qLZupK9\">Post\u00falese aqu\u00ed<\/a>\n<\/a>\n\n\n<\/div>\n\n\n\n<h5 class=\"wp-block-heading\">Pol\u00edtica de vacunaci\u00f3n<\/h5>\n\n\n\n<p class=\"o-generic-links\">Todos los participantes e instructores deben cumplir con los requisitos de la pol\u00edtica de vacunaci\u00f3n COVID de EGAP para eventos presenciales. <a href=\"https:\/\/egap.org\/covid-19-vaccination-policy\/\">Haga click aqu\u00ed para conocer la Pol\u00edtica de Vacunaci\u00f3n<\/a>.<\/p>\n\n\n\n<p class=\"o-generic-links\"><br><br><br><br><br><\/p>\n<\/div>\n\n\n<\/section>\n\n\n<section class=\"c-section__column\">\n  \n\n<ul class=\"wp-block-list o-generic-links\">\n<li><\/li>\n<\/ul>\n\n\n<\/section>\n\n\n<\/section>\n","protected":false},"featured_media":0,"comment_status":"closed","ping_status":"closed","template":"","country":[40],"class_list":["post-20288","project","type-project","status-publish","hentry","country-mexico"],"acf":[],"_links":{"self":[{"href":"https:\/\/egap.org\/es\/wp-json\/wp\/v2\/project\/20288","targetHints":{"allow":["GET"]}}],"collection":[{"href":"https:\/\/egap.org\/es\/wp-json\/wp\/v2\/project"}],"about":[{"href":"https:\/\/egap.org\/es\/wp-json\/wp\/v2\/types\/project"}],"replies":[{"embeddable":true,"href":"https:\/\/egap.org\/es\/wp-json\/wp\/v2\/comments?post=20288"}],"version-history":[{"count":10,"href":"https:\/\/egap.org\/es\/wp-json\/wp\/v2\/project\/20288\/revisions"}],"predecessor-version":[{"id":20317,"href":"https:\/\/egap.org\/es\/wp-json\/wp\/v2\/project\/20288\/revisions\/20317"}],"wp:attachment":[{"href":"https:\/\/egap.org\/es\/wp-json\/wp\/v2\/media?parent=20288"}],"wp:term":[{"taxonomy":"country","embeddable":true,"href":"https:\/\/egap.org\/es\/wp-json\/wp\/v2\/country?post=20288"}],"curies":[{"name":"wp","href":"https:\/\/api.w.org\/{rel}","templated":true}]}}

Learning Days 13: Taller del Hub Regional en Latinoamérica

<section class="c-section o-wrapper-padding">
  
<section class="c-section__column">
  
<nav class="c-breadcrumbs u-fsz-smallest u-c-gray-dark">
  </nav>



</section>


<section class="c-section__columns is-resource-row is-header-row">
  

<div class="wp-block-column is-vertically-aligned-bottom is-layout-flow wp-block-column-is-layout-flow"><h1 class="c-page-title is-style-smaller o-h2">
  Learning Days 13: Taller del Hub Regional en Latinoamérica
</h1>



<p class="o-generic-links"><a href="https://egap.org/project/learning-days-13-latin-america-regional-hub-workshop/">In English</a></p>
</div>



<div class="wp-block-column is-vertically-aligned-bottom is-layout-flow wp-block-column-is-layout-flow"></div>


</section>


<section class="c-section__columns">
  

<div class="wp-block-column is-layout-flow wp-block-column-is-layout-flow"><div class="c-buttons">
  
<a class="c-buttons__item o-btn is-style-outline" href="https://egap.org/learning-days/" target="" rel="">
  See All Learning Days Workshops
</a>


</div>
</div>



<div class="wp-block-column is-layout-flow wp-block-column-is-layout-flow">
<p class="has-text-align-center o-generic-links">Organizado por <a href="https://economia.uniandes.edu.co/cede/egap">Universidad de los Andes, Colombia, sede del Hub Regional para Latinoamérica</a> de la red mundial <a href="https://egap.org/">Evidencia en Gobernanza y Política (EGAP)</a>, junto con el <a href="https://www.itam.mx/">Instituto Tecnológico Autónomo de México (ITAM)</a> como anfitrión.</p>



<p class="has-text-align-center o-generic-links">Ago. 07 – Ago. 11, 2023</p>



<p class="has-text-align-center o-generic-links">Ciudad de México</p>



<figure class="wp-block-image size-full"><img loading="lazy" decoding="async" width="987" height="558" src="https://egap.org/wp-content/uploads/2023/04/ld2022.jpeg" alt="" class="wp-image-20270" srcset="https://egap.org/wp-content/uploads/2023/04/ld2022.jpeg 987w, https://egap.org/wp-content/uploads/2023/04/ld2022-480x271.jpeg 480w, https://egap.org/wp-content/uploads/2023/04/ld2022-768x434.jpeg 768w" sizes="auto, (max-width: 987px) 100vw, 987px" /><figcaption class="wp-element-caption">Latin America Hub Learning Days 2022, Univeridad de Rosario, Bogota, Colombia</figcaption></figure>



<p class="o-generic-links">El Hub Regional de EGAP en Latinoamérica realizará un taller de Días de Aprendizaje, en alianza con Instituto Tecnológico Autónomo de México (ITAM) como anfitrión, en Ciudad de México, del <strong>07 al 11 de agosto de 2023</strong>).</p>



<p class="o-generic-links">Este taller intensivo de 5 días tiene como objetivo desarrollar la familiaridad de los participantes con la inferencia causal en evaluaciones de impacto desde un enfoque cuantitativo. Está dirigido a académicos, investigadores y ejecutores que trabajan en organizaciones académicas, gubernamentales y no gubernamentales que analizan temas relacionados con gobernanza, política pública y desarrollo en América Latina.&nbsp;</p>



<p class="o-generic-links">El taller será el español con algunas sesiones en inglés. En este <a href="https://docs.google.com/document/d/1FoVX2asOhOAY4oCvsq0O9b9013vag9sm/edit">enlace</a> se encuentra un ejemplo de agenda del Taller. Más información sobre los Talleres Días de Aprendizaje previos <a href="https://egap.org/learning-days/">aquí</a>.&nbsp;</p>



<p class="o-generic-links">EGAP cubrirá los costos (una persona por proyecto/propuesta) de tiquetes aéreos, alojamiento con desayuno hasta 6 noches para los participantes de fuera de Ciudad de México, almuerzos/refrigerios durante el taller y una cena conjunta. En caso de ser seleccionado, los participantes deben llegar antes de la mañana del <strong>lunes Ago. 07 de 2023, asistir a todas las sesiones hasta la noche del viernes Ago. 11 de 2023</strong>.</p>



<p class="o-generic-links">Para ser elegible, los interesados deben que cumplir los siguientes requisitos:</p>



<ul class="wp-block-list o-generic-links">
<li>Estar afiliado actualmente en una universidad, entidad gubernamental u organización de la sociedad civil en América Latina.</li>



<li>Tener una idea de investigación de evaluación o estar en las primeras etapas de un proyecto que examine el impacto causal de un problema social en América Latina.</li>



<li>Tener formación previa en ciencias sociales (como ciencias políticas, economía, administración pública, y demás disciplinas afines). Se anima fuertemente a aplicar a los investigadores que utilizan principalmente métodos cualitativos, y que tengan también cierta experiencia en investigación cuantitativa.</li>



<li>Tener conocimientos básicos de estadística (descriptiva). Contar con familiaridad previa con software estadístico es un plus, idealmente R, pero no un requisito.</li>



<li>Tener disponibilidad para participar completamente en todas las actividades del taller, durante toda la semana (todo el día).</li>



<li>Estar completamente vacunado contra COVID-19, según la Política de Vacunación para Eventos Presenciales de EGAP (<a href="https://egap.org/covid-19-vaccination-policy/">https://egap.org/covid-19-vaccination-policy/</a>) y las políticas nacionales, locales y del anfitrión activas en el momento del taller.</li>
</ul>



<p class="o-generic-links">El taller cubrirá conceptos y herramientas para evaluaciones de impacto a través de intervenciones aleatorizadas, ejercicios estadísticos en R, asesorías individuales para que los participantes fortalezcan sus propios diseños de investigación. Los temas clave son: inferencia causal, aleatorización, estimación y pruebas de hipótesis, entre otros.&nbsp;</p>



<p class="o-generic-links">Se espera que las personas aceptadas desarrollen un ejercicio preparatorio antes de llegar al taller. Esta formación se basa en el conocimiento acumulado de talleres anteriores, tal como se recopila en el libro en línea: <a href="https://egap.github.io/theory_and_practice_of_field_experiments_spanish/">La teoría y la práctica de los experimentos de campo: Una introducción de los Learning Days de EGAP</a>.&nbsp;</p>



<p class="o-generic-links">El taller es organizado por el director de formación del Hub <a href="https://sites.google.com/view/andresmoya">Andrés Moya</a> y los representantes anfitriones <a href="https://sites.google.com/site/hlarreguy/">Horacio Larreguy</a>, <a href="https://mauricio-romero.com/">Mauricio Romero</a>, y <a href="https://www.antonellabandiera.com/">Antonella Bandiera</a>, y asesorado por los directores de Métodos y Formación <a href="http://polisci.emory.edu/home/people/biography/ichino-nahomi.html">Nahomi Ichino</a> y <a href="https://graemeblair.com/">Graeme Blair</a>. El equipo de instructores incluye destacados expertos en investigación empírica como: <a href="https://sites.google.com/site/rosarioaguilarp/">Rosario Aguilar</a>, <a href="https://www.jakebowers.org/">Jake Bowers</a>, <a href="https://scholar.google.com/citations?user=9s1slLcAAAAJ&amp;hl=en">Danilo Freire</a>, <a href="https://sociologia.uc.cl/profesor/luis-maldonado-navarro/">Luis Maldonado</a>, y <a href="https://sites.google.com/site/maartenvoors/" target="_blank" rel="noreferrer noopener">Maarten Voors</a>.</p>



<p class="o-generic-links">Cierre de la convocatoria: <strong>lunes 15 de mayo de 2023</strong>.</p>



<p class="o-generic-links">Para cualquier consulta, por favor comunicarse con: <a href="mailto:egap_latam@uniandes.edu.co">egap_latam@uniandes.edu.co</a>.</p>



<h5 class="wp-block-heading">¿Cómo aplicar?</h5>



<p class="o-generic-links">Las aplicaciones están actualmente abiertas. Para aplicar, por favor <a href="https://forms.gle/YinzA1xJw9qLZupK9">visite esta página</a> y diligencie el formulario de aplicación, recuerde incluir su CV. Tenga en cuenta que las solicitudes sólo se considerarán elegibles si adjunta su CV. Cierre de la convocatoria: <strong>lunes 15 de mayo de 2023</strong>. Para cualquier pregunta, comuníquese con: egap_latam@uniandes.edu.co.</p>


<div class="c-buttons">
  
<a class="c-buttons__item o-btn" href="https://forms.gle/YinzA1xJw9qLZupK9" target="_blank" rel="noreferrer noopener">
  <a href="https://forms.gle/YinzA1xJw9qLZupK9">Postúlese aquí</a>
</a>


</div>



<h5 class="wp-block-heading">Política de vacunación</h5>



<p class="o-generic-links">Todos los participantes e instructores deben cumplir con los requisitos de la política de vacunación COVID de EGAP para eventos presenciales. <a href="https://egap.org/covid-19-vaccination-policy/">Haga click aquí para conocer la Política de Vacunación</a>.</p>



<p class="o-generic-links"><br><br><br><br><br></p>
</div>


</section>


<section class="c-section__column">
  

<ul class="wp-block-list o-generic-links">
<li></li>
</ul>


</section>


</section>
